{"id":9,"date":"2025-10-11T16:21:47","date_gmt":"2025-10-11T14:21:47","guid":{"rendered":"https:\/\/ebrinckmann.de\/wordpress\/?page_id=9"},"modified":"2025-11-15T22:11:46","modified_gmt":"2025-11-15T21:11:46","slug":"impressum","status":"publish","type":"page","link":"https:\/\/ebrinckmann.de\/wordpress\/impressum\/","title":{"rendered":"Impressum"},"content":{"rendered":"\n<div style=\"padding: 40px; line-height: 1.6; color: #111;\">\n<!-- Impressum -->\n<p><strong>Angaben gem\u00e4\u00df \u00a7 5 TMG:<\/strong><br><br>\nEva Brinckmann<br>\nc\/o IP-Management #7536<br>\nLudwig-Erhard-Stra\u00dfe 18<br>\n20459 Hamburg<br>\nDeutschland<br><br>\nE-Mail: eva@duck.com<br>\n<\/p>\n<p>\nKleinunternehmer gem\u00e4\u00df \u00a7 19 UStG \u2013 keine Umsatzsteuerpflicht.\n<\/p>\n<p>\nRedaktionell verantwortlich:<br><br>\nEva Brinckmann<br>\nc\/o IP-Management #7536<br>\nLudwig-Erhard-Stra\u00dfe 18<br>\n20459 Hamburg<br>\nDeutschland<br><br>\n<\/p>\n<\/div>\n","protected":false},"excerpt":{"rendered":"<p>Angaben gem\u00e4\u00df \u00a7 5 TMG: Eva Brinckmann c\/o IP-Management #7536 Ludwig-Erhard-Stra\u00dfe 18 20459 Hamburg Deutschland E-Mail: eva@duck.com Kleinunternehmer gem\u00e4\u00df \u00a7 19 UStG \u2013 keine Umsatzsteuerpflicht. Redaktionell verantwortlich: Eva Brinckmann c\/o IP-Management #7536 Ludwig-Erhard-Stra\u00dfe 18 20459 Hamburg Deutschland<\/p>\n","protected":false},"author":1,"featured_media":0,"parent":0,"menu_order":0,"comment_status":"closed","ping_status":"closed","template":"","meta":{"footnotes":""},"class_list":["post-9","page","type-page","status-publish","hentry"],"_links":{"self":[{"href":"https:\/\/ebrinckmann.de\/wordpress\/wp-json\/wp\/v2\/pages\/9","targetHints":{"allow":["GET"]}}],"collection":[{"href":"https:\/\/ebrinckmann.de\/wordpress\/wp-json\/wp\/v2\/pages"}],"about":[{"href":"https:\/\/ebrinckmann.de\/wordpress\/wp-json\/wp\/v2\/types\/page"}],"author":[{"embeddable":true,"href":"https:\/\/ebrinckmann.de\/wordpress\/wp-json\/wp\/v2\/users\/1"}],"replies":[{"embeddable":true,"href":"https:\/\/ebrinckmann.de\/wordpress\/wp-json\/wp\/v2\/comments?post=9"}],"version-history":[{"count":23,"href":"https:\/\/ebrinckmann.de\/wordpress\/wp-json\/wp\/v2\/pages\/9\/revisions"}],"predecessor-version":[{"id":598,"href":"https:\/\/ebrinckmann.de\/wordpress\/wp-json\/wp\/v2\/pages\/9\/revisions\/598"}],"wp:attachment":[{"href":"https:\/\/ebrinckmann.de\/wordpress\/wp-json\/wp\/v2\/media?parent=9"}],"curies":[{"name":"wp","href":"https:\/\/api.w.org\/{rel}","templated":true}]}}